-4351. Let g(v) be the second derivative of -1/20*v**5 + 0 - 1/3*v**3 - 20*v - 5/12*v**n - 5/2*v**2. Determine g(-4).
-13
Let p(j) = -j**3 + 10*j**2 - 11*j + 12. Let f be ((-87)/(-15) - 4)*(-11 - -16). Calculate p(f).
-6
Let b(r) = r**2 + 111474*r - 111474*r + 18. Calculate b(0).
18
Let q = 3802 + -3813. Let c(z) = z**3 + 11*z**2 + 3*z - 9. Give c(q).
-42
Let s(o) = -124*o + 63. Let j(f) = 144*f - 61. Let i(u) = -6*j(u) - 7*s(u). Calculate i(20).
5
Let v(t) = 4*t + 13. Let r(g) = -3*g - 9. Let l(p) = -7*r(p) - 5*v(p). Let j = 7 - 5. Suppose 0*y - j*y = -y. Determine l(y).
-2
Suppose 4*v = 32 - 4. Let x(o) = -4*o**2 - 17*o + 35. Let c(z) = z**2 + 6*z - 12. Let m(y) = v*c(y) + 2*x(y). Calculate m(6).
-2
Let d(u) = 49*u**2 + 3*u + 52. Let s(t) = -86*t**2 - 5*t - 104. Let z(c) = -7*d(c) - 4*s(c). Determine z(0).
52
Let t(u) = 3*u**2 - 1. Let i(v) = 7*v**2 - 3. Let m(k) = -i(k) + 2*t(k). Let o(f) = -f**3 + 38*f**2 - 71*f - 38. Let h be o(36). Determine m(h).
-3
Let b(m) be the third derivative of -m**5/30 + 7*m**4/6 - m**3/6 + 1193*m**2. Calculate b(12).
47
Let x(z) = -18 - z**3 - 9*z**2 - 96*z - 4*z**2 + 5*z**2 + 165*z - 84*z. Give x(-6).
0
Let p be ((-15)/(-20))/((-123)/(-1640)). Let k(y) = 7*y + 14. Determine k(p).
84
Let h(l) = -7*l**2 + 18*l + 1. Let c(j) = 4*j**2 - 9*j. Suppose 121*x - 115*x = -30. Let t(m) = x*c(m) - 3*h(m). Determine t(9).
-3
Let b(h) = -7*h - 56. Let f be 12/8*-1 + 130/(-20). Calculate b(f).
0
Let a(z) = 2*z + 11. Let m(j) = -1. Let x(f) = -a(f) - 3*m(f). Suppose -19*d = -23*d - 204. Let l = 45 + d. Give x(l).
4
Let x be (9/(-15))/(10/(-150)) - 14. Let q(s) = s - 6. Calculate q(x).
-11
Let w(p) = 3*p**3 + p**2 + p. Let m = 4400 + -4401. Give w(m).
-3
Let h(r) = r**2 + 3*r + 7. Let z(v) = v**2 - 9*v - 3*v - 6*v - 4*v - 4*v - 7. Let q be z(26). Determine h(q).
35
Suppose -2*p - 13 = -33. Let a(n) = -6 - n + p + 11. Let l = 26 + -16. What is a(l)?
5
Let q(o) = -o**3 + 4*o**2 - 4*o + 4. Let b(j) = j**3 + 9*j**2 + 12*j + 16. Let z be b(-5). Suppose -6*k = 8*k - z. Suppose 31 = k*u + 15. Determine q(u).
-12
Let u(k) = k**2 + 0*k**2 + 0*k + k**3 - 3*k. Suppose m - 259 = 2*t, m + 14 = 15. Let i = t - -126. Give u(i).
-9
Let d(n) = -2*n**2 + 2*n + 2. Suppose 26*k - 66 - 402 = 0. Let t be (9/k)/(1/(-2) + 0). Give d(t).
-2
Let r(m) = -57*m + 515. Let u(l) = -239*l + 726. Let c be u(3). Determine r(c).
2
Let r(v) = -v**3 - 8*v**2 - v - 6. Let i be 1089/297 + 8/6. Suppose 4*t + 2*m - 2 = 0, -t + 0 = -m + 1. Suppose t = -i*c - 40 - 0. Give r(c).
2
Let n(a) be the first derivative of a**3/3 - 15*a**2/2 - 2*a - 475. Calculate n(15).
-2
Let x = -32 + 34. Let q(b) = 2*b**x + 1 - 2 + 3 + b - 3*b**2. Suppose -21*p = -8*p - 52. Determine q(p).
-10
Let j(t) be the third derivative of 1/2*t**3 + 1/8*t**4 + 9*t**2 + 0 - 1/120*t**6 + 0*t - 1/40*t**5. Let k(v) be the first derivative of j(v). Give k(2).
-15
Let z(q) = q**2 - 4096. Let r be z(-64). Let s(v) be the second derivative of 38*v + 0*v**2 - 1/12*v**4 + r*v**3 + 0. Calculate s(1).
-1
Let t(c) be the first derivative of c**3/3 + 5*c**2 + 26*c + 2726. Calculate t(-6).
2
Let f(z) = 13*z - 24. Let j be 3/(3/(-8))*(12 + 147/(-12)). Determine f(j).
2
Let z(r) be the first derivative of -r**4/4 + 7*r**3/3 - 5*r**2 + 3*r - 7766. Determine z(5).
3
Let h(m) = m - 16. Suppose -w = 3*k + 85, -143 = 4*w - 2*w - 3*k. Let l = w + 101. Suppose 0 = -2*d - 0*d - 10, -5*a - l = 5*d. What is h(a)?
-16
Let l(z) = -3*z + 92. Suppose -3*f + 59 = -5*p + 222, 0 = -5*p + 4*f + 164. Let u be l(p). Let v(q) = -2 - 3*q + 0*q + q. Determine v(u).
6
Let c(t) = 9 - 6 - t**2 - 9*t + 11. Let g(u) = -3*u**2 + 62*u + 11. Let h be g(21). Calculate c(h).
4
Let q(a) be the first derivative of -a**4/4 + a**3 + 2*a**2 - 4*a - 502. Let f be (-2)/7 + (-69)/(-21). Determine q(f).
8
Suppose -11*m + 197 = -34. Let q(h) = h + h**2 - 2*h + 30 + 13 - m. Determine q(0).
22
Let i(c) = -c - 1. Let j be i(-2). Let s(r) = r**3 + 19*r**2 + 5*r + 95. Let v be s(-19). Let y(m) = v*m + 0*m + 3*m - m - 4*m - 1. Give y(j).
-3
Let k(x) = -41 + 7*x**2 - 14 + x**2 + x**3 - 8*x**2 + 8*x**2 - 2*x. Calculate k(-7).
8
Let c be 1 - (-2 - (-7 + 6)). Let q(n) = -126*n**2 + 9*n + 251*n**c - n - 124*n**2 + 12. Calculate q(-8).
12
Let z(k) = 14*k**3 + 17*k**3 + 10*k - 2*k**2 + 6*k**2 - 32*k**3 - 14 + 0*k. Give z(5).
11
Suppose 2*a - 20 = 5*d - 0*a, 0 = -3*d - 5*a + 19. Let z(t) = -1 - 7 - 6 - 2*t + 17 - 4. Let k be z(d). Let u(g) = -5*g + 2. Give u(k).
-13
Suppose -g - 2*l - 14 = -2*g, -2*l = 5*g - 10. Let k(i) be the first derivative of -1/4*i**g + 7*i - 2*i**3 + 4 + 1/2*i**2. Determine k(-5).
-23
Let i(g) = -6*g**3 - 9*g - 26. Let z(v) = v**3 + v**2 + 2. Let p(w) = -i(w) - 7*z(w). Suppose 5*j - 2*b + 0*b = -30, 17 = -4*j + 3*b. Give p(j).
4
Let u(g) = 2*g**2 - 4*g - 4*g**2 - 4*g**2 - g**3 + 2*g**2 - g**2. Let j = -3 - 1. Calculate u(j).
0
Let i be (1 - 182/(-9)) + 2/(-9). Let h = -11 + i. Let a(s) = -h*s + 3*s + 11 + 6*s. What is a(6)?
5
Let x = -1202 + 1196. Let p(h) = 2*h**2 - 2*h + 3. Determine p(x).
87
Let y = -239 - -244. Suppose 0 = -3*j - 2*z + 21, 0 = 6*j - y*j + 4*z - 17. Let i(p) = p**2 - 7*p. Calculate i(j).
-10
Let g(y) = -25*y. Let o(m) = 7*m - 1. Let v(h) = g(h) + 4*o(h). Suppose -2*r + 3 = -1. Let a(z) = 16*z - 21. Let b(s) = r*a(s) - 11*v(s). Calculate b(6).
-4
Let s(b) = 17*b + 5183 + 5174 - 10367. What is s(5)?
75
Let p = -1 - 0. Let g(v) = 3 + 14*v - 3*v - 3. What is g(p)?
-11
Let p(c) = 300 - c**3 + 303 + 306 - 926 - 8*c**2 - c**2 - 10*c. What is p(-8)?
-1
Let y(h) = -h**2 + h + 2. Let g = 151 - 141. Suppose -s + 14 = -4*c, -3*s + 0*c + g = -4*c. Give y(s).
-4
Let n(f) = -f - 11. Let w = -3730 - -3724. What is n(w)?
-5
Let v be 4/(-14) + (-3164)/(-98). Let r be (180/v)/15 + 10/16. Let l(w) = -17*w. Determine l(r).
-17
Suppose 37 = 20*s - 3. Let x(j) = -16*j**s - 1 + 10 - 6 + j**3 + 0. What is x(16)?
3
Let h(z) be the first derivative of -8*z**2 - 74*z + 2792. Give h(-5).
6
Let d(w) = w**2 - 23*w + 1. Suppose 86 - 394 = -14*f. Determine d(f).
-21
Let g(q) = 4*q - 3*q - 15*q. Let n = -310 + 320. Suppose 42*x = 52*x - n. What is g(x)?
-14
Suppose 6*i - 230 = -188. Let y(v) = v**2 - 3*v + 5. Let k(c) = c**2 - 2*c + 6. Let l(p) = -2*k(p) + 3*y(p). Determine l(i).
17
Let k(m) = -5*m + 15. Let i(v) = v - 1. Let r(n) = 6*i(n) + k(n). Calculate r(-14).
-5
Let k = 371 - 361. Let f(q) = -12 + k*q - 1 + 11 + 3*q. What is f(-1)?
-15
Let y(n) = -3*n + 5. Let u be y(-6). Suppose 7 = -u*b + 24*b. Suppose -b - 13 = -5*o. Let d(q) = 3*q - 4. Calculate d(o).
8
Let t = -11 + 21. Let n(b) = 3*b**3 - 116*b**2 - b + 1. Let m(d) = -23*d**3 + 875*d**2 + 6*d - 6. Let i(l) = -2*m(l) - 15*n(l). Give i(t).
27
Let o(p) be the second derivative of p**5/20 + 5*p**4/12 + 5*p**3/6 + 8*p**2 - 58*p - 30. What is o(-5)?
-9
Let r(t) = 32*t**2 - 3*t - 11. Let d be r(-3). Let y = 291 - d. Let u(c) = c**2 - 7*c + 9. Determine u(y).
-1
Let n = 41 + 25. Let z(l) = 69 + l**2 - 240 + 9*l + 61 + n + 59. What is z(-8)?
7
Let x(p) = -634 + 86 - 3*p**2 + 0*p**2 + 99 + 52*p + 239. Determine x(11).
-1
Let u = -1140 + 1131. Let z(h) = 3*h**2 - h + 9*h + 1 - 2*h**2. Give z(u).
10
Let f(g) = 8*g - 6. Let w be f(2). Let r(h) = -33 - h**2 + 42 - w. Let q = 7 - 10. Determine r(q).
-10
Let o = 120252 - 120258. Let u(v) = -4 - 3*v + 16 + 7*v. What is u(o)?
-12
Let k(q) = q**3 + 3*q**2 - q + 3. Suppose -41*v - 29 - 709 = 0. Suppose -3*l + 153 = 4*s, -72 = -5*s + l + 124. Let u be s/(-15) - v/(-45). Give k(u).
6
Let t(s) = -s**3 + 3*s**2 + 11*s + 1. Suppose 31*r - 20*r = -583. Let z = r - -58. Calculate t(z).
6
Let g(t) = -817 + 814 + 14*t**2 + 4*t**2 - 13*t**2 + 21*t. Determine g(-4).
-7
Let b(u) = -2*u**2 - u**3 - 7*u + 4 - u**2 + 11*u + 0 - 3*u**2. Let h(w) = -2*w**3 + 4*w**2 - w - 3. Let v be h(2). Give b(v).
-41
Let z(y) be the second derivative of -y**5/30 - y**4/4 - y**3/6 + 87*y**2/2 + 7*y + 9. Let d(t) be the first derivative of z(t). Determine d(-5).
-21
Let v be (-24 - -31) + (-4)/2 + -7 - 6. Let s(u) = u**2 - 10*u - 143. Determine s(v).
1
Let i(u) = -u**3 + 6*u**2 - 2*u + 1. Let g be (18/(-4))/((-45)/30). What is i(g)?
22
Let l(k) = 46*k - 65. Let x be ((-1)/(-3))/((2/(-9))/((-68)/51)). Determine l(x).
27
Suppose -2*w + 300 = -2*n + 72, -4*w = 4*n - 424. Let i = 1 + -1. Suppose i = -